e the greatest common divisor of 18 and u.
9
Let r = -58 + 83. What is the highest common divisor of r and 50?
25
Let l be 0/(2/(-1)*-1). Suppose l = 3*f - 0*g + 3*g - 63, -2*f - 5*g + 45 = 0. What is the highest common factor of 100 and f?
20
Let w = -75 + 107. Let d = 11 + 3. Let z = 22 - d. Calculate the highest common divisor of z and w.
8
Let x be (10/(-4))/(1/(-2)). Suppose 4*z - 9*z = 0. Suppose 2*v = -a + 46, z = -x*v - 3*a - a + 109. Calculate the highest common divisor of 10 and v.
5
Suppose 3*s - s - 2*h - 10 = 0, 0 = -4*h. Calculate the highest common factor of 55 and s.
5
Let s be 0/1 + 2 + 4. Let l be (-1 - 13)*6/(-4). Let m = -12 + l. What is the highest common factor of s and m?
3
Suppose 5*o + 4*o = 18. Suppose -5*g + 24 = 9. Calculate the highest common factor of o and g.
1
Let p be ((-8)/(-10))/(21/525). Calculate the greatest common factor of p and 40.
20
Suppose -j = -n + 5, n - 5 = -0*n - 5*j. Calculate the greatest common factor of 25 and n.
5
Suppose -2*r - r + 162 = 0. Calculate the greatest common divisor of r and 135.
27
Let c be 294/9 - 2/3. What is the greatest common factor of c and 16?
16
Suppose 5*d - 3*n = -5, -3*d + 2*n = -4*d - 1. Let v be 1 - (d + 3 + -4). Calculate the greatest common factor of 6 and v.
3
Suppose 0 = 4*a + 3*j - 25 - 0, 5*a - 60 = 2*j. Let m = -5 + 9. Suppose q - m = -q. What is the highest common divisor of a and q?
2
Let q(j) = 4*j + 8. Let s be q(8). Calculate the greatest common factor of 60 and s.
20
Let f be (-35)/(-14)*(-12)/(-10). Let n be (-1)/(f/(-20))*3. Calculate the greatest common divisor of 160 and n.
20
Let i(j) = -j**3 - 3*j**2 + 5*j - 5. Let f be i(-6). Let x = -52 + f. Calculate the greatest common divisor of x and 42.
21
Let f be 0/(3 - 1) + -17. Let b = 16 - -8. Let s = b + f. What is the greatest common factor of s and 1?
1
Let r = -99 - -63. Let s be (-1953)/r - 3/(-4). Suppose 0*c - c + 3*m = -25, -5 = 5*m. What is the greatest common divisor of c and s?
11
Suppose 2 - 6 = -2*g. Suppose -4*q = 2*a - 5*q - 307, -q = g*a - 305. Let o(n) = -5*n - 3. Let y be o(-4). Calculate the greatest common divisor of a and y.
17
Let n = -223 + 258. Suppose 36 = 4*j - 3*y + 4, 0 = -j + y + 9. Calculate the highest common factor of j and n.
5
Let h be 21 + (0 - -1) + 1. Suppose 2*k - h = -1. Calculate the highest common divisor of 33 and k.
11
Suppose -3*r = t - 26, -5*t + 8*r - 4*r = -92. Calculate the greatest common divisor of t and 4.
4
Suppose -2*w + 0*w = 0. Suppose w = -3*p + 3 + 21. Suppose -2*v = 5*u - 286, -2*u + 2*v - 174 = -5*u. What is the greatest common divisor of p and u?
8
Let m(g) = -g**3 - 11*g**2 - g - 3. Suppose -8*k = -4*k + 44. Let u be m(k). Calculate the greatest common factor of 80 and u.
8
Let d(s) = -s**3 - 6*s**2 + 4*s - 11. Let q be d(-8). Let r(z) = 4*z**2 - 2. Let b be r(-3). What is the greatest common factor of q and b?
17
Let a(q) be the third derivative of q**5/30 - q**4/8 + q**3/6 + 4*q**2. Let g be a(4). What is the highest common divisor of g and 3?
3
Suppose -3*r - 3*d + 9 = 0, r + 5*d + 0 = 7. Suppose -r*t - t = -15. Suppose 5*h + o - 380 = -4*o, t*o = 0. Calculate the greatest common divisor of 19 and h.
19
Let k be (17*-1)/(1/(-1 + -6)). What is the highest common factor of 17 and k?
17
Let m be (18135/(-21))/(-3) - (-1)/7. What is the greatest common factor of m and 36?
36
Let a be -2*(-3)/(-12)*-10. Suppose 107 - 2 = a*v. What is the greatest common divisor of 7 and v?
7
Let q be 1/(2/1726) - -2. Suppose -5*y + q = 305. Calculate the highest common divisor of 14 and y.
14
Let s be 4/3*3/2. Suppose -s*u - 4*k = -76, 52 = -0*u + 2*u - 2*k. What is the highest common divisor of u and 10?
10
Let s = 3 + 1. Suppose s = 3*z - 5, -6 = k + 5*z. Let d = -12 - k. Calculate the highest common factor of d and 9.
9
Let v be 1136/6 - 10/30. What is the greatest common divisor of v and 27?
27
Let p be 20*(0 - 1/(-4)). Let b be (2 - 1)/(-1)*-55. What is the highest common factor of p and b?
5
Let n(s) = -s**2 + 12*s + 25. Let b be n(11). What is the greatest common factor of 108 and b?
36
Let i(k) = k**3 + 11*k**2 + 7*k - 11. Let v be i(-9). Let d be ((-3)/2)/(-3)*44. What is the greatest common factor of v and d?
22
Let q be 47 + (2 - 5) - 2. What is the highest common divisor of q and 63?
21
Suppose 0 = -4*n + 6*n - 80. What is the greatest common factor of n and 100?
20
Suppose 0 = -4*c + 2 + 6. Suppose -c*h = -h - 1. What is the greatest common factor of 1 and h?
1
Let g(k) be the third derivative of -k**4/24 + 4*k**3/3 + 2*k**2. Let r be g(5). Calculate the greatest common divisor of 1 and r.
1
Suppose 2*m - 5*y = 80 - 12, 124 = 4*m - 4*y. Let n = -26 + m. Calculate the greatest common divisor of 2 and n.
1
Let m be (-3)/((-9)/6)*3. Suppose 0 = f + 4*n + 4, m = -3*f + 7*f + 5*n. Let z be 72/6*(-1)/(-3). What is the greatest common divisor of z and f?
4
Let f(d) = d**3 - 8*d**2 - 10*d + 7. Let b be f(9). Let l be 3*((-40)/(-3))/(-4). Let c be b/(-5) + (-56)/l. What is the highest common divisor of 4 and c?
2
Let j(h) = 4*h**2 - 4*h. Let o be j(4). Suppose 0 = -3*y - 2*p + 29, -p + 6 = -4*p. Let t = 17 - y. Calculate the highest common factor of t and o.
6
Let j = -16 + 40. Suppose -k + 5 + 7 = i, -4*k - j = -5*i. Calculate the greatest common divisor of 8 and i.
8
Let a(t) = 7*t + 2 - 2 + 2. Let i be a(4). Let y be 12/i + (-73)/(-5). What is the greatest common factor of y and 6?
3
Suppose -o - o + 4 = 0. Let s be 4/(-8) - (-17)/o. Let g be (-4)/s + (-34)/(-4). What is the greatest common factor of g and 56?
8
Suppose 11 = -4*a + 27. Calculate the highest common divisor of a and 32.
4
Let u(i) = 2*i**3 + 4*i**2 + 2*i - 3. Suppose -4*z - 12 - 8 = 0. Let n be u(z). Let k = -86 - n. Calculate the highest common divisor of 11 and k.
11
Suppose -24 = -4*p + 4*x, 4 = -p + 4*x + 1. Calculate the highest common divisor of 36 and p.
9
Let b(q) = -6*q - 4. Let c be b(-4). Calculate the highest common factor of 10 and c.
10
Let u(i) = -i**3 + 7*i**2 + 5*i + 5. Suppose -2*d = -7*d + 35. Let a be u(d). What is the highest common divisor of a and 60?
20
Let v(j) be the second derivative of -21*j**3/2 + j. Let y(t) = t**2 + 4*t - 6. Let n be y(-5). Let l be v(n). What is the highest common divisor of l and 7?
7
Let u be (3 - (1 - -2))/(-2). Suppose -4*w = -u*w - 4. What is the greatest common divisor of w and 7?
1
Suppose 0 = 8*i - 3*i - 175. Calculate the highest common factor of i and 5.
5
Let n(s) be the second derivative of s**4/12 + 9*s**2 - 2*s. Let j be n(0). What is the highest common divisor of 45 and j?
9
Let t(x) = x**2 - x - 2. Let g be t(4). Suppose -5*y + g + 5 = 0, i = -3*y + 21. Let d be (1 + 23)*(-4)/(-8). What is the highest common factor of d and i?
12
Let a(f) = -f**3 - 14*f**2 - 17*f - 8. Let d be a(-13). Calculate the highest common factor of d and 66.
22
Let b be 48/2*4/3. Suppose 0 = 3*p - p - b. Let r(s) = 3*s**2 + 3*s + 4. Let i be r(4). Calculate the highest common factor of p and i.
16
Let s(w) = -w**2 + 7*w + 11. Let p be s(8). Let i(v) = -2 - 2 + p + 4*v**2. Let r be i(2). What is the highest common factor of r and 75?
15
Suppose -6*m = -m - 100. Suppose 0 = -u + 6*u - 900. Calculate the highest common divisor of m and u.
20
Suppose 4*t - f = 2*f + 46, 4*t + 4*f - 32 = 0. Suppose -3*l - 5*a + 36 + 169 = 0, 212 = 3*l - 2*a. Calculate the highest common factor of l and t.
10
Let g = -9 + 19. Calculate the highest common factor of 40 and g.
10
Let i be 2 - (1 - (2 - 0)). Suppose 6*s = i*s + 60. Let v be 10/2*(0 + 10). What is the highest common divisor of v and s?
10
Let j = 189 - 104. What is the highest common divisor of j and 34?
17
Suppose 5*b + g - 712 = -0*g, 4*b = g + 575. Calculate the highest common divisor of b and 13.
13
Let y(w) = 3*w**3 + 7*w**2 + 7*w - 16. Let b(n) = -n**3 + 1. Let l(k) = -4*b(k) - y(k). Let h be l(8). What is the greatest common divisor of h and 30?
10
Let g(h) = -4*h + h - 2*h - 1. Let i be g(-2). Calculate the highest common divisor of 72 and i.
9
Let p(t) = 110 - 12*t**3 + 7*t**3 + 6*t**3 + t**2. Let h be p(0). Let n = -76 + h. Calculate the greatest common divisor of n and 17.
17
Let u = 305 - 282. Let q = 167 - -63. What is the greatest common divisor of u and q?
23
Let a be (3/(-6))/(1/34). Let v 